= -2*z - s + 179. List the prime factors of z.
3, 29
Let m = 24 - 24. Suppose 0*u = 4*z - 2*u - 32, 5*z - u - 46 = m. What are the prime factors of z?
2, 5
Let h = -1 + 2. Suppose 4*o - 25 = -3*v, 3*o - h - 14 = -v. Suppose 5*c = -v + 33. What are the prime factors of c?
2, 3
Suppose -3*l = -4*l + 1. Let u be 4 - (-1 + (2 - 0)). What are the prime factors of l*u + (-60)/(-5)?
3, 5
Let o = 13 - 21. Let c be (-1)/4 + (-26)/o. Suppose 0 = -c*d - 4*y + 50, 3*y = -2 - 1. List the prime factors of d.
2, 3
Let i = 51 - 36. Suppose -t - 2*t = -i. What are the prime factors of t?
5
Let q(u) = 5*u**3 - u + 1. Let s(j) = -j**3 - 4*j**2 + j + 4. Let l be s(-4). Suppose -3*r = -l*r - 3. What are the prime factors of q(r)?
5
Let q(c) = 2*c**2 - c + 1. Let o be q(1). Suppose -3*h - 2 = -o*h. What are the prime factors of ((-21)/(-15))/(h/(-10))?
7
Let f(x) = x**2 + x + 36. Let k = -3 - -3. Let c be f(k). Suppose 4*w + w - c = -4*t, 0 = -4*w. List the prime factors of t.
3
Let u = 2 + -3. Let v be ((-6)/9 - u)*3. Suppose -10 - v = -y. What are the prime factors of y?
11
Let y(b) = -5*b - 21. What are the prime factors of y(-7)?
2, 7
Let h(s) = -s**3 - 7*s**2 + 2*s + 14. Let u be h(-7). Suppose -19 = -g + 4*p + 36, u = 5*g + 4*p - 203. List the prime factors of g.
43
Let f(r) = -26*r**3 + 2*r - 1. Let b be f(1). Let y = b + 38. List the prime factors of y.
13
What are the prime factors of (10 - -6)*(0 + 1)?
2
Let a(c) be the second derivative of c**3/3 + c**2/2 + c. Let l be a(4). Suppose l*x = 3*o + 4*x - 16, 0 = -5*o - 5*x + 80. What are the prime factors of o?
2, 3
Suppose 3*h - 2*h - 55 = 0. What are the prime factors of h?
5, 11
Suppose -8*f + 624 = -4*f. List the prime factors of f.
2, 3, 13
Let d(k) = 3*k + 2. Let v(z) = -8*z - 7. Let w(b) = -7*d(b) - 2*v(b). What are the prime factors of w(-2)?
2, 5
Suppose -5*z = -3*u + 29, -3*u - 2*z + 0*z + 1 = 0. Let w be 13 + (2 - (0 + u)). Suppose -c - 3 = -w. List the prime factors of c.
3
Let i(m) = 2*m**2 - 5*m + 2. Suppose 8 = -4*h, 0 = -5*n + 2*n + 4*h + 32. Suppose -n = -2*t - 0. What are the prime factors of i(t)?
2, 7
What are the prime factors of 1/(-2) - (-791)/14?
2, 7
Suppose 0 = 5*s - 1 + 41. Let c(t) = -t + 7. List the prime factors of c(s).
3, 5
Suppose 167 = -7*w + 1119. List the prime factors of w.
2, 17
Let c = -143 - -247. List the prime factors of c.
2, 13
Let c = -365 + 725. What are the prime factors of c?
2, 3, 5
Suppose -4*t = -v, -3*v - 2 = 2*t - 4*v. Let c(o) = 39*o**2 + 3*o - 2. What are the prime factors of c(t)?
2, 5
Let w = 0 + 1. Let l be (1 - -1) + w + 1. Suppose l*u - 16 = 2*u. What are the prime factors of u?
2
Suppose -4*j + 8 = 0, 3*f = -7*j + 8*j + 16. What are the prime factors of f?
2, 3
Let c = -7 + 9. Suppose -c*b = -0*b - 54. List the prime factors of b.
3
Let d = -15 + 14. What are the prime factors of ((-2)/6)/(d/129)?
43
Let f(a) be the third derivative of 0 - 1/60*a**5 - a**2 + 0*a**3 + 0*a + 1/3*a**4. List the prime factors of f(6).
2, 3
Let t(x) = 3*x**2 - x. Let h be t(1). Suppose -6*k = -h*k + 24. What are the prime factors of 12*1*(-3)/k?
2, 3
Suppose 34 + 82 = 4*w. What are the prime factors of w?
29
Let j = -6 - -11. Let u = 8 - j. List the prime factors of u.
3
Let d = 4 + -3. List the prime factors of d - (2 + -2 - 7).
2
Suppose -5*y - 4*j + 169 + 58 = 0, -y = 4*j - 39. List the prime factors of y.
47
Let i(y) = -8*y + 1. Let v be i(-3). Let t = -35 + v. List the prime factors of (-1)/(-2 + (-18)/t).
5
Let c(o) = -5*o + 11. What are the prime factors of c(-10)?
61
Suppose 312 - 82 = 5*k. List the prime factors of k.
2, 23
Suppose 0*x - 4*x - 2*i = -72, 0 = 2*x - 2*i - 24. Let f = x - 8. List the prime factors of f.
2
Let h(y) = y**3 - 11*y**2 + 6*y - 15. List the prime factors of h(11).
3, 17
Suppose s + 33 = -2*s. Let r = 16 + s. List the prime factors of r.
5
Let l = -24 - -42. List the prime factors of l.
2, 3
Suppose -2*s + 7*s - 20 = 0. Let z = s - 6. Let t = 10 + z. What are the prime factors of t?
2
Let a = 9 - 4. Suppose -2*b = -5*b + 15. Suppose 3*p + 4*c - 2 = -0, a*p - 5 = -b*c. List the prime factors of p.
2
What are the prime factors of ((-24)/20)/(-3)*30?
2, 3
Suppose 5*q - 5*y + 14 + 11 = 0, 2*q - 5*y - 5 = 0. Let h = 16 + q. What are the prime factors of h?
2, 3
Let x(n) = -4*n + 4*n - 1 + n. Let i(t) = 6*t**2 - 3*t + 1. Let m(u) = i(u) + 2*x(u). List the prime factors of m(-1).
2, 3
Suppose t - 4 = -0*t. List the prime factors of 1/(-4) - (-109)/t.
3
Suppose 3*l - 3*p = 33, 37 = 3*l + 2*l + 4*p. Suppose -11 = 2*q - 5*t - 42, 2*t = -5*q + 5. What are the prime factors of ((-4)/q)/((-2)/l)?
2, 3
Let m be ((-5)/(-10))/(3/12). Suppose 0*x - 10 = -m*x. What are the prime factors of x?
5
Suppose -5*m = 5*h - 8*m - 21, -5*h = 2*m - 11. Suppose -d - 2*d = -h. What are the prime factors of 2 + 14 - -1*d?
17
Let g(n) be the first derivative of 1/3*n**3 + 0*n**2 + 4 - 4*n. List the prime factors of g(4).
2, 3
Let c(r) be the first derivative of 8*r**3/3 - r**2 + r - 1. Suppose -3*b = -5*b + 2. List the prime factors of c(b).
7
Let b = -15 + 31. Let f = b - 3. What are the prime factors of f?
13
Suppose 4 = -q + 9. Suppose -q*d = -d - 68. List the prime factors of d.
17
Let n be (39/6)/(3/(-6)). List the prime factors of -4*n*3/6.
2, 13
Let d = 0 + 10. Let w = d + -7. List the prime factors of w.
3
Let d(p) = 392*p**3 - 2*p**2 + p + 2. List the prime factors of d(1).
3, 131
What are the prime factors of 56 - 12/(-4 + 7)?
2, 13
Let b = -4 + 5. List the prime factors of b - 0 - (5 + -12).
2
Suppose -10*v - 443 + 1713 = 0. List the prime factors of v.
127
Let o = 92 - -21. List the prime factors of o.
113
Let h(n) = -n + 14. Let l be -2 + (-1 - (0 - 3)). What are the prime factors of h(l)?
2, 7
Suppose -28 = 2*s - 3*t - 13, -3*s = -5*t + 25. Let g(x) = s + 1 + 7 + x. List the prime factors of g(-5).
3
Let a = 12 - 6. Let u be a/4*6 + 1. Suppose -2*j + 0*j + u = 0. What are the prime factors of j?
5
Suppose -b = 4*x + 19, -3*b + 7*x - 27 = 4*x. Let i = b - -17. What are the prime factors of i?
2, 3
Let j be ((-15)/1)/((-3)/3). Let t = j - 10. Suppose -5*m + t*n - 13 = -2*m, -2*m + 4*n = 12. What are the prime factors of m?
2
Let t(g) = 2*g**2 + 1. Let b(d) = -d**2 - d - 1. Let p be b(0). List the prime factors of t(p).
3
Suppose -2*f + v + 130 = -f, 2*f - v - 258 = 0. What are the prime factors of f?
2
Suppose -3*c = 3, c + 96 = y + 3*c. What are the prime factors of y?
2, 7
Suppose 0*y + 4*y - 8 = 0. Let z(v) = 2*v**2 - 3*v + 2. Let n be z(y). Suppose 0*i - t = i - 7, n*t - 4 = -2*i. List the prime factors of i.
2, 3
Let b(o) = -o**3 - 7*o**2 - 5*o + 6. Let d be (-3)/(-12) + 50/(-8). Let r be b(d). Let s(c) = c**2 - c + 4. What are the prime factors of s(r)?
2
Let d be -4*1/(-8)*-274. Let b = 193 + d. What are the prime factors of b?
2, 7
Let z = -2 - -6. Suppose z*k - 80 - 8 = 0. List the prime factors of k.
2, 11
Let w(t) = -t + 7. Let l be w(-8). Let i = 6 + l. Suppose 3*c = -2*m + i, -c + 7 = -m + c. What are the prime factors of m?
3
Suppose -12 = -m - 0. Suppose 5*o - m = 78. List the prime factors of o.
2, 3
Suppose -3*g + 9*g - 1140 = 0. List the prime factors of g.
2, 5, 19
Let g be ((-2)/2)/(7/(-14)). Let h(n) = g + 3*n - 12 - n. What are the prime factors of h(7)?
2
List the prime factors of (-64)/544 + 2688/17.
2, 79
Let y(a) = -4*a**3 + 2*a**2 - 1. Let z(t) = t**2 - 2. Let q be z(2). Let i be (-4 - -2)/q + 0. List the prime factors of y(i).
5
Let i be ((-44)/(-55))/((-4)/10). Let m = 10 - i. What are the prime factors of m?
2, 3
Let f(m) = m**2 + 5*m - 1. Let o be f(-6). Let l(h) = -o + 0*h + 2*h - h. What are the prime factors of l(8)?
3
Let z(a) = -4*a**3 - 3*a**2 - 8*a. Let o(f) = -3*f**3 - 3*f**2 - 7*f. Let h(i) = 5*o(i) - 4*z(i). List the prime factors of h(4).
2
Let c be 2*(-1)/4*-10. Suppose 5*p = 3*g - 35, -c*g = -p + 5*p - 46. List the prime factors of g.
2, 5
Let t(i) = -2*i. Let l be t(-3). Suppose 3*v = l*v - 39. What are the prime factors of v?
13
Let g(x) = -20*x - 12. List the prime factors of g(-4).
2, 17
Suppose 5*v + 19 = t, -23 = -t - 0*v + 4*v. What are the prime factors of t?
3, 13
Let s = -164 - -414. What are the prime factors of s?
2, 5
Let h(n) = n**2 - 6*n - 3. Let o be h(6). List the prime factors of o/(2/(-3 + -